o)?
10
Let r(x) = 2*x - 9. What is the remainder when r(9) is divided by 5?
4
Let h = 10 - 8. Suppose p - 99 = -3*b - b, h*b = p + 45. Suppose 3*i = b + 12. What is the remainder when 35 is divided by i?
11
Let w = -18 + 29. Let d(h) = h. What is the remainder when (w/3)/(1/6) is divided by d(6)?
4
Suppose 4*c = 4*k - 60, -c - 2 = -3*k + 39. Suppose 2*w - 55 = -f, 2*f = -0*w + 2*w + 92. What is the remainder when f is divided by k?
10
Let l(v) = -v**2 + 8*v - 10. What is the remainder when l(6) is divided by 2?
0
What is the remainder when 672/26 - (-16)/104 is divided by 14?
12
Suppose 63 = 4*c - 3*z, 5*c - 35 = -z - 4*z. Suppose n + 3 + 28 = 4*v, -n = v - 4. What is the remainder when c is divided by v?
5
Let n be (-2)/(-9) + 7/9. Calculate the remainder when 17 is divided by n*(-1 - (-1 + -9)).
8
Let p(f) = -f - 1. Let c(k) = -k**2 - k - 2. Let y(j) = -2*c(j) + 3*p(j). Calculate the remainder when 364/12 + (-8)/(-12) is divided by y(-2).
9
Suppose -5*v + 44 + 1 = a, -3*a = -v - 119. What is the remainder when a is divided by 21?
19
Let k(f) = 3*f**2 - 13*f + 13. Calculate the remainder when k(9) is divided by 48.
43
Suppose -15*i = -18*i + 12. What is the remainder when i is divided by 2?
0
Let x = 55 - -5. What is the remainder when 117 is divided by x?
57
Suppose 12*k = 5*k + 35. What is the remainder when 18 is divided by k?
3
Let i = 7 - -8. Let z = -13 - -56. What is the remainder when z is divided by i?
13
Let y(j) = j + 5. Let s = 1 - -2. Calculate the remainder when y(0) is divided by s.
2
Let t be 3/(-4) - 6/(-8). Let s be 1 + 1 + -3 + t. Calculate the remainder when 44 is divided by (0 - s)/(1/15).
14
Suppose s - 18 = 22. Let c = 4 - s. Let t = c + 59. What is the remainder when t is divided by 12?
11
Suppose -2*w - 3 = 1. Let i = -3 - w. Calculate the remainder when ((-82)/(-4)*-2)/i is divided by 14.
13
Suppose -1 = 3*r - 4*y - 3, 3*y + 3 = 3*r. What is the remainder when -3 - -7 - (2 - 1) is divided by r?
1
Suppose 0 = -7*y + 69 + 29. What is the remainder when 41 is divided by y?
13
Suppose 0 = 5*a + 2*m - 50 - 47, m = -4*a + 80. Calculate the remainder when a is divided by 12.
9
Let b(a) = 9*a**2 + 4*a + 4. Calculate the remainder when 16 is divided by b(-1).
7
Let l be ((-2)/(-4))/(2/4). What is the remainder when 43 is divided by 14 - (-2)/(l - -1)?
13
Let s = -75 - -86. What is the remainder when 32 is divided by s?
10
Let c be (2/(-5))/((-2)/20). Suppose -3*o + c = -2. Calculate the remainder when 7 is divided by o.
1
Let v(f) = 152*f - 5. Let z(s) = -38*s + 1. Let j(x) = 2*v(x) + 9*z(x). Suppose -2*i = -i - 10. What is the remainder when j(-1) is divided by i?
7
Let m(r) = 12 - 2 - 4 - r. Suppose -l + 2 = -i, 3*i - 2*l - 3 + 14 = 0. Calculate the remainder when 25 is divided by m(i).
12
Suppose -j - 2*j = -6. What is the remainder when 6 is divided by 2/(-4)*j*-3?
0
Suppose 0 = -5*q + 16 + 4. Suppose -3*t + 2*h = -0*h - 28, 0 = -5*t + q*h + 50. Calculate the remainder when 10 is divided by t.
4
Let w = 48 + 3. Calculate the remainder when 99 is divided by w.
48
Let g = -10 - -26. What is the remainder when ((-10)/(-20))/(1/122) is divided by g?
13
Calculate the remainder when (-6)/(-1 + -1) - -3 is divided by 3*(2 + (-12)/9).
0
Suppose 4*i - 14 - 54 = 0. Suppose 3*v + 5*s = -34 + 151, -3*v + 4*s + 144 = 0. Suppose -r + 5 = -v. What is the remainder when r is divided by i?
15
Suppose 2*n - n - 2 = -4*z, 5*n + 4*z = 10. Suppose 8 = -n*j, -3*j = 2*l - 5*l + 105. What is the remainder when l is divided by 11?
9
Suppose 6*w - 5*w = 15. Let z = -2 + 2. Suppose 3*i - 28 = -2*m, 0 = 3*i - z*i - 4*m - 16. Calculate the remainder when w is divided by i.
7
Suppose 0 = 4*w - 30 - 114. What is the remainder when 67 is divided by w?
31
Let j be -26*(-1 - 3/(-6)). Let v(s) = -s**3 + 14*s**2 - 12*s + 3. Calculate the remainder when 10*(1 - 0)*3 is divided by v(j).
14
Let h be ((-12)/5)/(2/(-50)). Suppose -3*s = -39 - h. What is the remainder when s is divided by 12?
9
What is the remainder when 2 is divided by ((-8)/(-16))/(1/(-2)*-1)?
0
Let a(f) = -5*f - 12. Calculate the remainder when 23 is divided by a(-5).
10
Suppose 0 = -3*r + 8 - 2. Suppose -4*z + 8 = 0, -r*z = 2*f - 0*z - 62. Calculate the remainder when f is divided by 15.
14
Let v = 31 + -21. What is the remainder when 27 is divided by v?
7
Suppose 5*l - y = 25, -4*l + 2*y = -0*y - 20. Calculate the remainder when 18 is divided by l.
3
Let q = 9 + -17. Let n = q + 22. What is the remainder when n is divided by 24/6*1*2?
6
Let q be 1/(2*1/10). Suppose -q*r = -4*r - 65. What is the remainder when r is divided by 22?
21
Let r = -5 + 11. Calculate the remainder when 17 is divided by r.
5
Suppose 3*s + 0*s = 87. Calculate the remainder when s is divided by 8.
5
Suppose 5*s + 25 = 2*m + m, 4*s = 2*m - 16. Calculate the remainder when 17 is divided by m.
7
Let l(u) = -23*u - 8. Let y(t) = -11*t - 4. Let s(g) = 6*l(g) - 13*y(g). Calculate the remainder when s(6) is divided by 12.
10
Let o be (-7)/((-9)/(-3) - 2). What is the remainder when 141 is divided by o/(-21) + 107/3?
33
What is the remainder when 4/18 - (-1250)/45 is divided by 10?
8
Suppose 0 = -2*r - 0*r + 32. Let n = 132 + -87. Calculate the remainder when n is divided by r.
13
Suppose -4*q + 35 + 13 = 0. Calculate the remainder when 23 is divided by q.
11
Let a = -2 - -4. Suppose a*n = 6, 2*n - 25 - 6 = -5*y. Suppose 4*v + 2*s - 144 = 0, y*v - 2*s - 171 = -0*s. Calculate the remainder when v is divided by 9.
8
Let g be 2/3 - (-1)/3. Suppose 2*u = -g + 7. What is the remainder when 3/u - (-23 + 2) is divided by 12?
10
Let h be (-1)/5 - 12/(-10). Suppose 3 - h = 2*s. What is the remainder when 3 is divided by s?
0
Let k = -28 - -60. Let t = k - 3. Calculate the remainder when t is divided by (8/10)/((-4)/(-50)).
9
Suppose s - 18 = -o + 3*o, -3*s = 4*o - 14. Let v(l) = 2*l**3 + l**2. Let a be v(-1). What is the remainder when 20 + (0 - 3 - a) is divided by s?
8
Let f = -6 + 5. Let m be (-531)/(-12) - f/(-4). Let z = -17 + m. What is the remainder when z is divided by 10?
7
Let c = 37 - 22. Suppose -57 = 4*l - 169. Calculate the remainder when l is divided by c.
13
Suppose -1 = 5*d - 26. What is the remainder when 18 is divided by d?
3
Let q(j) = j + 6. Let a(y) = 2*y**2 - 2*y - 1. Suppose -5*p + 19 = 5*v + 44, 5*p = -10. Calculate the remainder when a(v) is divided by q(6).
11
Let c = 93 - 58. Let r be (-2)/(3 - 14/4). Suppose -f + 2*f = -2*k + 4, -r*f = 4*k - 32. Calculate the remainder when c is divided by f.
11
Suppose 5*j = 2*n - 0*j + 7, -5*n = 3*j - 29. Calculate the remainder when 29 is divided by n.
1
Let o be (-4)/10 + (-34)/(-10). Suppose 7 = -o*k + 52. Let s = 21 + -15. What is the remainder when k is divided by s?
3
Let n = 10 - -19. Let a = 16 + 6. Suppose -3*q = -4*r - a, -17 = -5*q - 4*r + 41. Calculate the remainder when n is divided by q.
9
Suppose 0 = -24*n + 27*n - 6. Calculate the remainder when 4 is divided by n.
0
Let v = 23 - 14. Suppose 5*a - 80 = c - 6*c, -2*c + 4 = 0. What is the remainder when a is divided by v?
5
Let w be 8*((-3)/(-2) + -1). Suppose -2*u + 40 + 20 = 2*t, w*u + 3*t = 116. Let f(q) = q**2 + q - 3. Calculate the remainder when u is divided by f(-4).
8
Let v = -20 + 22. Let r = 22 - 21. Calculate the remainder when v is divided by r.
0
Let i(c) = -c**3 + 5*c**2 - 3*c - 1. Let k = -36 - -66. Calculate the remainder when k is divided by i(3).
6
What is the remainder when 10*((-3)/(-2) + -1) is divided by 2?
1
Let h = -54 - -72. Calculate the remainder when 50 + (-1 - (-2)/1) is divided by h.
15
Let n = -18 + 26. Suppose j - 17 = h, -3*h = -5*j + 68 + 25. What is the remainder when j is divided by n?
5
Suppose 0 = -d - 3*d + 8. What is the remainder when 46 is divided by 4/((-2)/(-16)*d)?
14
Let j be ((-3)/(-6))/(1/4). Let v(c) = -c**2 - 11*c - 8. What is the remainder when v(-7) is divided by j/4*14 - 0?
6
Let q = -15 - -8. Let x(z) = -z + 4. Suppose 2*s - 15 = -0*s - 3*w, 3*w - 24 = -5*s. Calculate the remainder when x(q) is divided by s.
2
Suppose 0 = 3*k - 5*p - 36, -4*k - 3*p - 2*p = -13. Suppose 0 = 3*f - 3*i + 2*i - 8, -5*f = 4*i - 36. What is the remainder when k is divided by f?
3
Suppose p - 3*p + 3*z = -23, -4*z = 4. Calculate the remainder when 4 + -2 - (-2 - 25) is divide